he highest common divisor of 1035 and d.
115
Let n(r) = -3*r**3 + 33*r**2 + 27*r - 142. Let s be n(10). Calculate the highest common divisor of 321 and s.
107
Suppose n - 4*w - 359 = 0, 2*w - 504 = -4*n + 914. Let o = n + -352. What is the greatest common divisor of o and 96?
3
Let v = 48 - 55. Let j be 5 - (-28 + 0 + v). What is the greatest common divisor of 16 and j?
8
Let j = -5825 + 12181. What is the highest common divisor of j and 4?
4
Let u be (((-30968)/(-21))/14)/(3 - (-129)/(-45)). Calculate the highest common divisor of u and 5.
5
Let g(a) = 2*a + 8. Let o be g(-4). Let n(h) = 9*h - 1. Let k be n(1). Suppose 6*v - k*v + 40 = o. What is the highest common divisor of v and 60?
20
Let o(r) = -51*r**2 - 23 - 20*r**2 + 74*r**2 - 64*r. Let a be o(22). What is the highest common divisor of a and 798?
21
Let n = -69 - -29. Let z = n - -66. Suppose -46*l = -2165 - 5011. Calculate the greatest common divisor of l and z.
26
Let h be ((-24)/5)/(-3 + 189/70). Suppose 144 = -2*a + 4*a. What is the greatest common factor of a and h?
8
Let z be (39/(-6) - -6)*(-6)/(-1). Let g be 0/(z/(3 + 0)). Suppose -h + 55 = -g*h. Calculate the highest common divisor of 22 and h.
11
Suppose 2*f + 7 - 3 = 0, -2*f = 5*w - 61. Suppose 53 = -6*x + 2*x - 3*d, 0 = 5*x - 3*d + 46. Let z = w - x. What is the greatest common factor of 72 and z?
24
Let h = -9 - -1089. Suppose -h = -4*a + 2*a. Suppose -426 - a = -6*c. What is the greatest common factor of 23 and c?
23
Suppose -37*k = -32*k - 2*i - 17856, 0 = 2*k - 5*i - 7134. What is the greatest common divisor of 304 and k?
76
Let s(j) = 2*j + 31. Let t be s(-12). Suppose -10 = t*w - 8*w. What is the highest common factor of w and 430?
10
Let x = -24645 - -24663. Let g(y) = 47*y**2 - y. Let i be g(-1). What is the greatest common divisor of x and i?
6
Let a be (120/90)/(1/(-6)*-2). Let b(q) = -2*q**3 - q**2 + 8*q - 7. Let h be b(a). Let g = -105 - h. What is the greatest common factor of g and 7?
7
Suppose -3*y + 2*s + 60 + 92 = 0, 4*s = y - 64. Calculate the greatest common factor of 1578 and y.
6
Suppose -5*x - 5*u + 35 = 0, -7*x - 3*u = -11*x. Calculate the highest common divisor of x and 261.
3
Let g = 13380 - 12791. Calculate the greatest common factor of 114 and g.
19
Let z be ((-10)/(-4))/(48/64)*3. Suppose 7*u = z + 18. Suppose 35 = l - b, -8*l + u*b + 38 = -7*l. What is the highest common divisor of l and 17?
17
Suppose -7*d + 235 = -2*d - 5*m, -5*m = 5*d - 275. Suppose -3*v - 264 = -3*i, -i + 107 - 10 = -4*v. What is the greatest common divisor of d and i?
17
Let d = -32757 - -33607. Calculate the greatest common divisor of d and 1326.
34
Let g(x) = -x**3 + 5*x + 1470. Let v be g(0). Suppose -4*y = 2*p - 1960, -3*y + v = -5*p + 3*p. What is the highest common factor of y and 10?
10
Let v(a) = -9*a**2 - 3*a + 30 - 14*a**2 + 34*a**2 - 9*a**2. Let x be v(-6). Calculate the highest common factor of 45 and x.
15
Suppose 43270 = 38*w + 4700. Let y(p) = 2*p**2 - 38*p - 5. Let a be y(20). Calculate the highest common factor of a and w.
35
Suppose -153*j = -146*j - 7441. Suppose -238 + j = 5*w. Calculate the highest common divisor of w and 132.
33
Let d be 2*(-4)/20*-40. Suppose 0 = -2*z + 74 + d. Let a = 176 + -41. What is the greatest common factor of z and a?
45
Let r = -11963 + 13458. What is the greatest common factor of 65 and r?
65
Let m = 245 + -206. Let x = 26 + 11. Suppose 3*f - x = r, -4*r + 21 = -f + 2*f. What is the greatest common factor of f and m?
13
Let b be 1 - -9 - (-22 - -23). Let t be (4 - 16/12)*b/(-2). Let p be -12*((-2)/4)/((-9)/t). Calculate the highest common factor of 4 and p.
4
Suppose -12929 = -123*j + 11671. Calculate the greatest common divisor of 250 and j.
50
Let z = -399 + 269. Let r = -125 - z. Suppose -2*s = 9*w - 4*w - 47, 0 = -3*s + r*w + 58. What is the highest common factor of s and 84?
21
Let n(h) = -h**3 - 11*h**2 - 10*h + 11. Let p be n(-11). Let v(x) = 17*x**3 - 7*x**2 + 13*x - 12. Let y be v(1). What is the greatest common divisor of p and y?
11
Let p(r) = -185*r - 233. Let x be p(-7). What is the greatest common factor of 9 and x?
9
Let q = 104 - -110. Suppose -2 = -2*l, -5*r + 2*l = -9 - q. What is the highest common factor of 27 and r?
9
Let q(c) be the second derivative of -c**5/20 + 3*c**4/2 - 7*c**3/3 - 18*c**2 - 2*c - 5. Let m be q(17). What is the greatest common factor of m and 3?
3
Let l be (264/(-14))/4 - 8/28. Let f be (l - -13)*2/(8/7). Suppose -s - f = -35. Calculate the highest common divisor of s and 189.
21
Suppose 3*l + 0*l = 15. Suppose -l*f + w + 0 = -6, -3*f - 14 = -5*w. What is the highest common divisor of f and 5?
1
Let f = 94133 - 94121. Let r = 997 - 649. What is the highest common divisor of f and r?
12
Let r(a) = -a**3 + 17*a**2 + 9*a + 42. Let w be r(17). Suppose 2*k = 265 - w. Calculate the highest common divisor of k and 10.
5
Let o(j) = -2*j**2 + 6*j + 9. Let k be o(7). Let u = 69 + k. Let g = -486 + 596. What is the highest common divisor of u and g?
22
Let y(j) be the second derivative of 5*j**4/12 - 5*j**3/2 - 15*j**2/2 + 50*j. Let l be y(5). What is the highest common factor of 15 and l?
5
Let g be (6 - 2)*(-6)/(-4). Let b = 176 + -189. Let w be 4 - -1 - (-23 - b). Calculate the highest common factor of w and g.
3
Suppose -170*o + 946827 = -210533. Calculate the highest common divisor of 736 and o.
184
Suppose 0 = -2*w + 6, w + 2387 = -14*m + 19*m. What is the highest common factor of m and 14101?
239
Let f be (3 - 2)/((12 - 0) + 311865/(-26010)). Calculate the highest common factor of f and 606.
6
Suppose -263*m + 1078798 = 177*m - 133*m. Calculate the highest common divisor of m and 42.
14
Let t be 16/(-32) - (-33)/2. What is the greatest common divisor of t and 136?
8
Let d = -3788 + 5060. Calculate the greatest common divisor of d and 72.
24
Let q = -337 + 502. Suppose -352 = 4*o + 4*o. Let w = o - -110. Calculate the greatest common factor of q and w.
33
Suppose 6*x - 738 - 60 = 0. Let j be (-2)/(-14)*562 - 38/x. Let p = -50 + j. Calculate the greatest common factor of 45 and p.
15
Let o = 809 - 805. Suppose -288 = -4*f + 2*x, o*x = 19*f - 17*f - 138. Calculate the highest common factor of f and 146.
73
Let w = -250 + 522. Suppose -w = 59*r - 75*r. What is the highest common divisor of r and 119?
17
Suppose 35*w = 32*w + 294. Let x be (w/(-8))/((-1)/4). Calculate the greatest common factor of x and 931.
49
Let q = 8639 + -8581. Suppose -3*t = -8*t + 4*d + 725, 4*d = 0. What is the greatest common factor of q and t?
29
Suppose 3*g - 17 = -5*z - 0*z, 5*g = 3*z + 85. Suppose g*v + v - 105 = 0. Suppose 4*u - v*u + 72 = 0. What is the greatest common divisor of 12 and u?
12
Let s be (4/10 - 70/50) + 534/2. Calculate the greatest common divisor of s and 8113.
133
Suppose -26*s = 20*s - 12*s - 2414. What is the greatest common factor of 71 and s?
71
Suppose -62 = -10*d + 38. Suppose d*f - 9720 = 4*f. Let i be 4/(-22) + f/198. Calculate the highest common factor of 8 and i.
8
Let a(w) = 888*w**3 + 7*w**2 - 11*w + 5. Let x be a(1). Calculate the highest common factor of 508 and x.
127
Let q(m) = 17*m**2 + 806*m + 108. Let i be q(-48). What is the greatest common factor of 686 and i?
98
Let j be 14/28*(4218/12 + 1/2). Calculate the highest common divisor of j and 1804.
44
Suppose 3*a - 5*a - 2*o - 6 = 0, -a = 2*o + 6. Suppose a*z + 2*z - 86 = 3*k, 5*z - 5*k = 210. Calculate the highest common factor of z and 30.
10
Let l be 2 + (39/(-117) - 300/(-9)). What is the greatest common divisor of l and 90?
5
Let h = -316 - -321. Let x(d) = -4*d + 34. Let i be x(h). What is the highest common divisor of 504 and i?
14
Let v be ((-3)/(-7) + 211/2954)*1032/1. Calculate the highest common divisor of 36 and v.
12
Let o be (-4)/10 - 288/(-45). Let d be (-11622)/52*4/6. Let n = d + 155. What is the greatest common divisor of o and n?
6
Suppose -3*l + 2032 = 115. Let x = 724 - l. What is the greatest common factor of 153 and x?
17
Let v(u) = 2461*u**3 + u**2 - 1 - 3*u**2 - 2428*u**3 + 2*u. Let q be v(1). Suppose 0 = -4*w + 38 + 90. Calculate the greatest common divisor of w and q.
32
Let h(v) be the second derivative of -v**4/12 - 10*v**3/3 + 23*v**2/2 + 13*v + 1. Let s be h(-20). What is the greatest common factor of 184 and s?
23
Let v be 4/(-10) - 253/5